 (6 - 21)*(-4)/3. Suppose -w = -3*o - o, 0 = y - 5*o + 20. Let a(i) = -i**2 + 2*i - 6. Give a(y).
-21
Let m(q) = 2*q + 1. Let y(n) = -n - 1. Suppose 3*z + 3 = -6. Let o(s) = z*m(s) - 7*y(s). Let f be 5 + (1 - -1) + 1 + -2. Determine o(f).
10
Let u(d) = d**3 + 5*d**2 - 6*d + 4. Let s(p) = p + 6. Let r be s(-4). Let x be 12/(-1 + -2) - r. Give u(x).
4
Let z(y) = -3 + y**2 - 2 + 4 - y. Let o = 2 + -1. Let x(v) = 3*v**2 + 4*v + 4. Let n(g) = o*x(g) + 4*z(g). What is n(-1)?
7
Let h(m) = -9*m**2 - 11*m - 13. Let b be 90/(-14) - 8/14. Let z(p) = 5*p**2 + 6*p + 7. Let w(l) = b*z(l) - 4*h(l). What is w(-2)?
3
Let w(i) be the first derivative of i**6/120 - 3*i**5/20 - i**4/2 + 5*i**3/2 + 7*i**2/2 - 1. Let t(n) be the second derivative of w(n). Determine t(10).
-5
Let x(t) = 358 - 123 + 7*t - 120 - 117. Determine x(2).
12
Let w be -10*-3*(-1)/(-6). Suppose -3*k = -w*a - 7, -5*a + 2*k - 6 = -3*a. Let b be 4*2/4 + a. Let c(y) = -y**2. Give c(b).
-9
Suppose -4*l = -4*n, -3*l = -2*n - 2*l + 2. Let p(q) = -5*q + 0*q**3 - 37 - 3*q**n + 40 + q**3. Calculate p(4).
-1
Let p(b) be the first derivative of 2*b**4 - b**3/3 + b**2/2 + 2*b - 43. What is p(-1)?
-8
Let a(b) = 19*b - 107*b + 90*b + 8. Determine a(-11).
-14
Let b(c) = 15*c - 18. Let y(o) = -7*o + 9. Let a(i) = -6*b(i) - 13*y(i). What is a(16)?
7
Let q(k) = -k**3 + 8*k**2 + k - 4. Let a be q(8). Let z be (3/(-2))/((-2)/a). Let w(o) = 1 - 4*o + 0 + 3*o - z. Determine w(-4).
2
Suppose 4*h = 5*b + h - 9, b + h - 5 = 0. Let a(m) = m**3 + 2*m + 2. Give a(b).
35
Let o(f) = f + 5. Let j be o(-4). Let y be (2/(-4)*4)/j. Let r be (-38)/(-14) - y/7. Let u(x) = x - 1. Determine u(r).
2
Let h(y) = y**3 + y**2 + 3*y - 8. Suppose 4*k - q = -5, 0*q - q + 5 = k. Give h(k).
-8
Let n(b) = -5*b**2 + 18*b**2 + 20*b**3 - 15*b**2 + 1. Determine n(1).
19
Let x(u) be the first derivative of -5*u**2/2 - 38*u - 267. What is x(-7)?
-3
Let s(v) = 2*v**2 + 2*v - 1. Let z(g) = 7*g**2 + 17*g + 21. Let i(p) = -3*s(p) + z(p). Determine i(-5).
-6
Let c(r) = -6*r - 5. Let m = -578 - -571. Determine c(m).
37
Let m(r) = 2*r**2 + r - 1. Let k be 0 + 18/12*2/3. Let z(c) = 3*c**2 + 9*c + 4. Let q(v) = k*m(v) - z(v). Let i(h) = -h - 4. Let s be i(3). What is q(s)?
2
Let w(v) be the first derivative of v**3/3 + 4*v**2 + 9*v + 476. Give w(-10).
29
Let f(a) = a**3 + a**2 + 2. Let v be f(0). Let h(l) = l + 3. Let c be h(v). Let x(o) = -6 + 4*o**2 - 4*o - 5*o**2 + 9*o. What is x(c)?
-6
Let k(y) be the second derivative of -y**5/20 + 13*y**4/12 + y**3/2 - 3*y**2/2 + 47*y - 1. What is k(13)?
36
Let g = 107 + -104. Let u(h) = 2*h**2 + 1 + g*h + 0*h - 3*h**2 - 2. What is u(4)?
-5
Let d(t) = t**3 + 2*t - 8*t + 228 - 3*t**2 - 235. Calculate d(5).
13
Let y(q) be the first derivative of -q**3/3 - 5*q**2 + 9*q - 642. What is y(-7)?
30
Suppose 2*q = -26 + 18. Let n(g) = -g - 12. Let l be n(q). Let c(f) = -f. What is c(l)?
8
Let a(u) = -2*u + 25. Suppose -5*i + 45 = -5*g, g - 24 + 5 = -i. Determine a(i).
-3
Let t(h) be the second derivative of 0*h**2 + h**3 - h - 1/24*h**4 - 1/60*h**5 + 0. Let g(p) be the second derivative of t(p). Give g(2).
-5
Suppose l = 5*n - 2*l + 12, 0 = 2*n + 3*l + 9. Let v(b) = 4 - 3 - 2 + 0. Let q(z) = -z**2 - 4*z - 6. Let x(g) = -q(g) + 6*v(g). Calculate x(n).
-3
Let t(y) = -y + 14. Let o(i) = -18 + 7 + 5 + 1. Let m(x) = 11*o(x) + 4*t(x). Calculate m(-6).
25
Let t(n) = -n - 6. Let y be (-4)/(-22) - 513/99. Let f(m) = -m - 6. Let j(q) = y*t(q) + 4*f(q). Give j(0).
6
Let r(s) = -s**3 + 3*s**2 + 2*s + 1. Let q(v) = 4*v - 15. Let l(i) = 4*i - 14. Let u(t) = 6*l(t) - 5*q(t). Let c be u(3). Calculate r(c).
7
Let g(s) = 3*s**2 - 3. Let j(w) = 0*w**2 - 2*w**2 + 0*w**2 + 1429 - 1428. Let f(p) = 2*g(p) + 5*j(p). What is f(1)?
-5
Let v be ((-6)/(-4))/(1/(-4)). Let d(r) be the third derivative of -17*r**2 + 7/24*r**4 - 2/3*r**3 + 0 + 1/60*r**5 + 0*r. Determine d(v).
-10
Suppose u + 3*u - 4*d = 40, -d - 5 = 0. Suppose a = m + 6, 3*m + 2*a - u = -2*m. Let p(o) be the first derivative of 5*o**3/3 - o**2/2 - 1. Determine p(m).
6
Let z(r) = 6*r + 0*r**2 + 79 + r**2 + 10*r - 51. What is z(-13)?
-11
Suppose -o = -6*o + 95. Suppose z + o - 31 = 0. Let y(a) = -z + 2*a + 2 - 9*a + a**2 + 5. Determine y(7).
-5
Let f(d) be the third derivative of 3*d**4/8 - d**3/6 + d**2. Let y(u) = u**2 - 5*u - 1. Let s be y(5). Let n be 1/(-2)*(-1 + s). Calculate f(n).
8
Let c = 58 - 55. Let f be c - ((1 - 1) + 6) - 3. Let i(l) = l + 4. What is i(f)?
-2
Let x(g) be the third derivative of -7*g**4/24 + g**3/6 + 25*g**2 - 2*g. Suppose -8*m = -3*m - 5. Calculate x(m).
-6
Let j(n) = 3*n + 9. Suppose 20 = -4*x + y, 2*x = -0*x - 2*y. Let k be j(x). Let t(h) = -h - 2. Calculate t(k).
1
Let t(p) = -6*p**3 + p + 1. Let w(b) = 8 - 2*b - 4*b + 5*b. Let i be w(6). Suppose -3*c - i = 1. Calculate t(c).
6
Let r(q) = q**2 + 8 - 7*q + 12*q - 15*q. Give r(10).
8
Let d(u) = -38*u + 7. Let f(m) = -42*m + 7. Let r(h) = 10*d(h) - 9*f(h). Let l be -1*(5 - -1)*1. Determine r(l).
19
Let y(i) = 20 - 5*i**2 - 13 - 9 + 3*i. Suppose 3*j - 2*q = -4, 2*j - q + 15 = 7*j. Determine y(j).
-16
Let j(w) = -9 - 3 + 2*w + w**3 - 4 + 22 - 5*w**2. Give j(3).
-6
Let g be (3 + -5 + 1)*-3. Suppose -3*d - 4 = -4*s + 19, 3*d + 21 = g*s. Let j(f) = 2*f**3 - 3*f**2 + 5*f**2 - 2 - 4*f**2 + 0*f**2. Give j(s).
6
Let u(d) be the third derivative of d**6/120 + d**5/30 + d**4/24 + d**3/6 + 2*d**2 + 50*d. Determine u(-2).
-1
Let z(f) = 5*f + 9. Let t be 18*3*4/24. Let g(h) be the second derivative of -h**3/6 - h**2 - 4*h. Let c(m) = t*g(m) + 2*z(m). Determine c(0).
0
Let o(c) = -16*c - 39. Let j be o(-3). Let m(v) = v**2 - 6*v + 6. Give m(j).
33
Suppose 0 = -k + 3*j - 16, 6*k + j - 3 = 4*k. Let a be ((-1)/(2/(-8))*k)/(-2). Let o(l) = l**2 - l - 1. Calculate o(a).
1
Suppose -4*d - h = -1 - 18, 5*d = 3*h + 11. Let s(i) = -i**2 + 5*i - 6. What is s(d)?
-2
Let g = -5 - -6. Let w(a) = -5 - a + 11*a - a**2 - 3 - g. Give w(7).
12
Let i(k) = 2*k - 7. Let l(m) = m + 1. Suppose -4*n = 5*p + 16, 5*n - 7 - 10 = 3*p. Let g(x) = n*i(x) - 3*l(x). What is g(-10)?
0
Let j(x) = -603 + 1206 - 598 - 5*x - x**2. Determine j(-7).
-9
Let f(u) = u**3 + 5*u**2 + 6*u + 3. Let z(x) = 6*x + 122. Let n be z(-21). Determine f(n).
-5
Let t = 2024 + -2029. Let c(m) = -m**3 - 6*m**2 - 3*m + 3. What is c(t)?
-7
Let o(m) = -11*m - 97. Let c be o(-10). Let b be (-246)/(-78) - 2/c. Let f(t) = -5*t**2 - 1. Let z(d) = -3*d**2 - 1. Let x(v) = 5*f(v) - 8*z(v). Determine x(b).
-6
Let h be 273/65 - (-1)/(-5). Let a(p) = 9*p + h - 16*p + 4*p. What is a(4)?
-8
Let c(t) = 5 + 0 - 4*t**2 - 4*t + t**3 + 1 - 2. Suppose 2*n + 2*w = 20, -n + 3*w - 2*w + 16 = 0. Suppose 0 = 3*j - 2 - n. Give c(j).
9
Let c = 16 + -9. Suppose 0 = -c*r + 3*r + 16. Suppose -4*a = -8*a + r. Let d(p) = -8*p + 1. Give d(a).
-7
Let s(j) be the third derivative of -j**6/120 + j**5/6 - 5*j**4/12 + 5*j**3/3 - 98*j**2. What is s(9)?
1
Let k(f) = 9*f - 9. Let q(y) = 2*y - 2. Let u(m) = 6*k(m) - 26*q(m). Let c be 525/147 + -3 - (-64)/(-14). What is u(c)?
-10
Suppose 0 = -2*s + 31 + 29. Suppose -s + 6 = 4*t. Let i(z) = 0*z**2 + z**2 + 15*z - 4*z - 5*z. Give i(t).
0
Let s(q) = -6*q**3 + q + 1. Let y be s(-1). Let x = 5 - -1. Suppose x = -5*f + y*f. Let l(a) = a - 7. Calculate l(f).
-1
Let m(a) be the second derivative of a**4/12 + a**3/6 - 2*a**2 - 6*a. Let v be -2 + -5 + (10 - 3). Determine m(v).
-4
Let h(l) = -3*l - 7*l**2 + 6*l**2 - l**2 - l**2. What is h(-4)?
-36
Let m(c) = -22*c**2 + c. Suppose 4*d + 14 = 2*u - 4*u, -5*u = -2*d - 1. What is m(u)?
-23
Let r(w) = -w**3 + 9*w**2 + 13*w - 34. Let x be r(10). Let s(d) = -5*d + 0 - 6 + 0*d**2 - d**2. What is s(x)?
-2
Suppose -20 = -3*o - 5. Let z(v) = -1 + 7*v**2 - 4 + 3*v + 5*v - o*v + v**3. Determine z(-6).
13
Let p(d) = 223 - 442 + 5*d**3 + 221. Calculate p(2).
42
Let q(s) = s**3 - 5*s**2 - 6*s. Suppose -2*b - 2*b + 5*m + 19 = 0, -3*m = 3*b - 21. Suppose -5*j + 2*l + 20 = 0, -3*j + b*j = -4*l + 38. Determine q(j).
0
Let y(w) = -w**3 - 4*w**2 + 322 + 3*w**3 - 161 - 160 - w**3 - w. Calculate y(4).
-3
Let z(g) be the third derivative of 0*g - 1/12*g**4 + 29*g**2 + g**3 + 0. What is z(-6)?
18
Let l(y) = y**3 + 2*y**2 - 1. Let b be -2 - -1 - -5 - 2. Suppose -2*i + 3*q = -13, b = 3*i + 4*q - 5*q. Give l(i).
0
Let i(c) = -6*c - 22. Let f = -1398 + 1393. Calcul